ate (3 - -5) + -5 + 0 + 1.
4
1 - (7 + -1 + -3 - 3)
1
Calculate 2 + (-10 - -7) + 2.
1
2 + -4 + 0 + (2 - -2)
2
Calculate -9 + 19 - 11 - (-1 - -2).
-2
What is the value of -2 + (0 - -1) - (-15 - -12)?
2
-23 + 20 - (0 + 1) - 1
-5
(8 - 10) + (8 - 4) - 2
0
-3 + (-10 - -1) + (6 - -1)
-5
What is 4 + 4 + -2 + -4?
2
Calculate 9 + (-10 - (4 - 7)).
2
Evaluate (3 - 5) + 3 + 10 + -4.
7
-1 - -1 - 1 - (-1 - 2)
2
(50 - 49) + -3 + 0 + -1
-3
What is 9 - ((4 - -8) + -13)?
10
Calculate -6 + (5 - (2 + 1)).
-4
What is the value of (2 - -4) + (-16 - -9) + 6?
5
What is 0 + -21 + 10 + 2?
-9
11 - 13 - 15 - -10
-7
What is 0 - -1 - 0 - (-486 + 481)?
6
What is 3 + -3 + -2 - -2?
0
Evaluate (0 - (4 - 4)) + -2 - 0.
-2
What is the value of (-5 - -3) + 0 + -1 + 2?
-1
Calculate -3 + -13 + 7 - -7.
-2
Calculate 5 + -2 + -3 + -5.
-5
What is the value of 1 + 0 + 5 + -3?
3
What is 6 + -11 - (-4 - (3 - 0))?
2
Evaluate -20 + 17 + (3 + 2 - -1).
3
Evaluate -2 - (-6 - (0 + -5)).
-1
Calculate -124 + 126 - (-1 + (5 - 0)).
-2
Evaluate -1 + 3 + -3 + 1 - -3.
3
-7 + 4 + 4 - 0
1
What is the value of -12 + -9 + 19 - 1?
-3
1 - 0 - (33 - 39)
7
What is the value of -4 - (-14 + 6 + -1)?
5
Evaluate 2 - (-1 - -2) - 1.
0
(17 - 13) + 7 + -1
10
Calculate -4 + (2 + 4 - 1).
1
Evaluate -1 - (3 + (-2 - 2) - 0).
0
3 + -1 + -2 - 1
-1
Evaluate 6 + (-6 - (1 - 7)) + 1.
7
What is -2 - 4 - -11 - 2?
3
What is the value of -2 - 0 - (-4 + -7 + 7)?
2
2 - (-1 - (4 - 2))
5
What is 12 + (2 - 8) + -1?
5
What is 11 + -7 + 7 + -8?
3
Calculate (0 - -4) + 2 + -7.
-1
Calculate -21 + 26 - (-2 + 2).
5
Calculate 13 - (4 - (9 + -20)).
-2
Evaluate 6 - (14 - (-5 + 11) - 0).
-2
Evaluate (-2 - -7) + -18 - (-4 - 2).
-7
Calculate (1 - -3) + 5 + 6 + -21.
-6
Calculate 5 + (-6 - -4) - (-1 + 0).
4
What is (4 - -3) + (4 - (0 + 6))?
5
Evaluate 11 - (6 - (6 - 6)).
5
What is the value of 6 - (0 + 9) - -6?
3
What is the value of (3 + -7 - -11) + 3 + -7?
3
-10 + 0 + 8 + -2
-4
Calculate (-1 - (2 + 4 - 12)) + -5.
0
What is 3 - 0 - (-4 - -7)?
0
0 + -1 + (31 - 30)
0
What is 2 + 3 - (9 - 1) - 5?
-8
What is 5 - 9 - (-14 + 4)?
6
-1 - (5 - (4 - (-1 + -2)))
1
What is the value of -7 - -6 - (-16 + 8)?
7
What is -16 - 2 - (-61 - -49)?
-6
-6 + 7 - 2 - -5
4
What is (4 - 1) + (0 - -1)?
4
What is 0 - 2 - (-2 - -4)?
-4
-1 - (1 + 3) - -6
1
Evaluate -6 + -7 + -3 + 7 - -5.
-4
Calculate -3 - (-2 - 0) - (-10 - -8).
1
Calculate (3 - (-1 - -4)) + -2.
-2
What is 1 - 1 - (-39 - -37)?
2
Evaluate -4 + 8 + -3 - -1.
2
What is the value of (0 - 2) + (-2 - (-4 + 4))?
-4
0 - (2 + -1 + 4)
-5
(-8 - 3 - -3 - -7) + -2
-3
What is (-6 - -2) + (-14 + 7 - -1)?
-10
What is 3 - (4 + -1) - (0 - 0)?
0
3 + -1 + -106 + 99
-5
7 - (19 + (-6 - 2))
-4
Calculate -4 + 6 + 4 - (6 + -6).
6
0 - (-8 + 7) - (-13 + 6)
8
Calculate (-1 + 11 - 7) + 1 + 0.
4
Evaluate 1 - 1 - ((1 - -3) + 0).
-4
Evaluate -4 - 0 - -1 - (-6 - -1).
2
What is 3 + 4 + -7 + 4?
4
1 - (-5 - (-1 + -2))
3
What is 11 + -8 + -10 + 6?
-1
Evaluate (-7 - -4) + 7 - 1.
3
Calculate -40 + 39 - (-3 + -5).
7
Calculate (-38 - -38) + (2 - 5).
-3
What is (-1 + 1 - -6) + -7?
-1
What is the value of -4 + 0 + 9 + (2 - 8)?
-1
What is 2 + 3 + -10 - -1?
-4
Calculate 4 + (-6 + -1 - 2) + 5.
0
What is the value of 0 + (-13 - -6) + 15?
8
Calculate (1 - (-3 + 1)) + 4 + -4.
3
1 + -2 - (13 - 16)
2
Evaluate -3 - (-6 + 4 + 1).
-2
What is (-12 - -7) + 11 + -9?
-3
Evaluate 46 + -32 + -1 + -21.
-8
Calculate 13 + (7 - 4) + 5 + -11.
10
Calculate (-7 - -15) + -6 + 6 + 1.
9
2 - (13 + 1 + -5 - 5)
-2
Calculate 3 - (2 - (2 + -7)).
-4
-4 + (-4 - -4 - -8) + -1
3
5 - (-5 + 2 - -10)
-2
Evaluate (-12 + 8 - (0 + -6)) + 0.
2
(4 - 1 - (11 - 11)) + -2
1
Calculate 3 - (3 + 3) - (-1 - 1).
-1
What is 0 + -1 + -14 + 17?
2
Calculate -8 - (-18 - -5 - -5).
0
What is the value of -4 - 1 - -3 - -5?
3
Calculate 0 + 0 + (8 - 5) - 4.
-1
What is 9 - (0 - -4) - (2 - -7)?
-4
Calculate -2 + -9 + (-3 - -6) + 7.
-1
Calculate -2 + (-3 - -4) + -2 + 3.
0
Evaluate -4 - (-6 - (1 + -5)).
-2
What is 2 - -3 - 3 - 4?
-2
What is (13 - 10) + 0 + -1?
2
Calculate 1 + -2 + -7 + 8.
0
What is -17 - (7 + -16) - -10?
2
(-7 - (11 + -20)) + -1 + 5
6
What is the value of 11 - (-1 + -3 - -11)?
4
-2 + (3 - (6 + (-2 - 1)))
-2
What is the value of (5 - (3 - 1)) + 4?
7
What is 2 - (2 + -4 + -4)?
8
Calculate -3 - (4 + (4 - 6) + -1).
-4
What is -28 - -29 - (-5 + 1)?
5
What is the value of 3 + (-5 - (4 - 9))?
3
-5 - (0 - 0) - (6 - 4)
-7
What is (1 - 5) + 22 + -19?
-1
What is the value of -13 - (-30 - (-19 - -10))?
8
Calculate 11 + 2 - (1 + (3 - -3)).
6
What is the value of (3 - 7 - (-4 - -2)) + 7?
5
What is 3 + (2 - 1) + -4 + 0?
0
Calculate 4 - (16 + -17 - (0 - 8)).
-3
Evaluate 4 + 3 + (-7 - -5) + 0.
5
4 - 1 - (0 + -1)
4
Evaluate 2 + (-1 - 0 - 1).
0
Calculate 0 - (6 + -1 + -3).
-2
What is (4 - -1) + (143 - 155)?
-7
What is 1 - (14 - (8 - -1))?
-4
What is -3 + (3 + -1 - (-36 - -34))?
1
-4 + 5 + -3 + 2
0
-3 + 1 + -1 - -5
2
Calculate (2 + -1 - 3) + (2 - 4).
-4
Evaluate (-5 - -2 - 8) + 3 + 7.
-1
Calculate (-16 - -1) + 75 + -62.
-2
(-2 - -5) + 1 + -1
3
What is the value of -1 + (1 - -1) + (3 - 1)?
3
What is the value of -3 + (-4 - -8 - -1)?
2
What is 2 + (-7 - -5) - 0?
0
-7 - (2 + 2 + -4 - 4)
-3
Evaluate (1 - (5 - 1)) + (0 - 0).
-3
Calculate (12 - -4) + -2 - 9.
5
Evaluate -5 + 8 + -9 + 1.
-5
Evaluate -1 + -5 + 27 + -24 - 3.
-6
Evaluate 2 + -4 - (-1 + 1).
-2
What is the value of 0 - (2 - (1 + -2 + -1))?
-4
Calculate 3 - (3 - 0) - -4.
4
Calculate -3 - (-1 - (5 + -8 + 3)).
-2
Calculate 12 - 12 - (-3 + -2).
5
Evaluate 5 + -6 + 2 + 2 + -2.
1
Evaluate -4 + -4 - -4 - (-5 + -2).
3
212 + -213 - (3 - (-1 + 2))
-3
Calculate 6 + (5 - (5 - -5)).
1
-9 + -4 + (5 - (-2 + 2))
-8
-17 - -21 - (7 - 1)
-2
Evaluate 11 - (1 - (4 - 6)).
8
Calculate -4 + -8 + 13 + 0.
1
What is 0 + (-5 - (-5 + 2) - 1)?
-3
What is (1 + -1 - 2) + (0 - -5)?
3
Calculate 3 + -9 + (1 - -2 - -10).
7
-2 + -1 + 37 + -35
-1
Calculate -4 + 16 + 22 + -25.
9
Evaluate -4 + (-2 - -3) + 5.
2
What is the value of 5 + -1 + 1 + -7?
-2
What is -5 + -3 + 2 + 5 - 1?
-2
6 - (-5 + 10) - (0 + 3)
-2
(5 - 3) + -3 - (16 + -12)
-5
Evaluate -5 + -2 + 3 + 9.
5
What is the value of -9 - (3 - (-6 + -7 + 19))?
-6
Calculate (-8 - -15) + -6 + (-2 - 4).
-5
(3 - 2) + -4 + 2 + 1
0
What is the value of -8 + (-7 - -4 - -9 - 2)?
-4
Evaluate 7 - ((4 - 4 - 8) + 6).
9
What is the value of 2 + -3 + 2 + 0 + 0?
1
1 + -3 + 1 + (-62 - -61)
-2
(-2 - -6) + (9 - 4) - 5
4
2 - (1 + 8 + -8)
1
-5 + (2 - 2) + 6
1
-2 + -5 + 5 - -5
3
1 - 4 - ((0 - 1) + 3)
-5
What is the value of (3 - -2 - 1) + (1 - 1)?
4
Evaluate (-5 - (4 - 0)) + 9 + 2.
2
What is the value of -103 + 94 + 16 + 0?
7
What is the value of -1 + (-5 + -2 - -4)?
-4
Evaluate 4 + -2 + 0 + 1.
3
What is (-4 - -1) + 3 + -9 + 6?
-3
What is 1 + -10 + 8 + (2 - 5)?
-4
-1 + (-1 - -7 - (-12 - -12))
5
Calculate 3 + -10 - (-11 - -4).
0
Calculate (-6 - -5) + -2 + -1 + 1.
-3
Calculate 6 - (0 + (7 - 3)).
2
Calculate (25 - 13) + -18 + 0 + 0.
-6
1 + 1 + (-3 - 6)
-7
What is the value of -4 + 3 + 4 + -5 + 2?
0
Evaluate -1 + 8 + -7 + (5 - 2).
3
Calculate -5 - (5 - 11) - (-5 - -6).
0
Evaluate 0 - (-8 + (-6 - -18)) - -6.
2
1 - (1 - (3 + 2))
5
What is 2 - ((0 - -2) + -4)?
4
What is the value of 1 - (0 + 5 - 5)?
1
(4 - 1) + -7 + 4
0
Evaluate -9 + (-1 - 1 - -5).
-6
What is the value of 1 + (-4 - (-2 + 3 - 4))?
0
What is the value of -33 + 35 - (5 + 1 + 1)?
-5
What is 0 - (2 + 3 - 8)?
3
Evaluate (-8 + 1 - 0) + 4.
-3
Evaluate 2 + 0 + 1 + -3.
0
Evaluate -3 - (1 - 7 - -6).
-3
Calculate 4 + 2 + -1 + -6.
-1
What is 3 + (-4 - (2 - 1 - -2))?
-4
What is the value of 0 - -5 - (1 + 7 + -5)?
2
Calculate 6 + (1 - (6 + 4)).
-3
What is the value of -1 - -1 - (-7 - (-3 + 1))?
5
1 + 0 + (-2 - (2 + -3))
0
(3 - 6) + 2 + -4 + 5
0
Calculate 1 + (-3 - -4 - 3) + 1.
0
What is -1 + 1 + -7 + -9 + 11?
-5
What is -9 + 8 + (1 + 3 - 0)?
3
10 - (-7 - (-21 + 2))
-2
Evaluate (10 - 7) + -5 + 8.
6
Evaluate -1 - (-1 + 5 - (-10 - -16)).
1
What is the value of 3 - (0 + -5 + 7) - -4?
5
What is 6 + -11 + (-15 - -11)?
-9
Calculate -5 + (3 - -1) + -8 + 3.
-6
Evaluate (-2 - (-7 - 8)) + (-2 - 4).
7
Calculate -2 + (-1 + -6 - -11).
2
Calculate 1 - (-3 - -3 - -1) - 5.
-5
What is -1 - 7 - (-13 + 3)?
2
8 - (-8 + 17 + -4)
3
What is the value of -9 - (-8 + 2 + 1)?
-4
What is 34 + -4 + -8 - 11?
11
1 + (-8 - (-6 - -4))
-5
Evaluate (6 - (6 - -1)) + (